t f be u(-4). Let p(a) = -4 + 1 - 2*a**3 + 1 + 3*a**f + 5*a + 5*a**2. Calculate p(-4).
-6
Let v(h) = h**2 + 4*h - 1. Let u be v(-5). Let t(z) = 4 - u + 3*z**3 + 4*z**2 - z - 4*z**3. Suppose -5 + 13 = 2*i. Calculate t(i).
-4
Let f(i) = -3 + 6 - 1 + i. Suppose 4*r - 17 = 3, 4*b - r + 13 = 0. Calculate f(b).
0
Let g be -2 + ((-2)/4 - (-35)/10). Let q(x) = -x**2 - x. Let b(o) = 2*o**2 - 2*o - 1. Let i = -3 - -2. Let s(f) = g*q(f) + i*b(f). Calculate s(-1).
-3
Suppose 2*y - 2 = 4*j, -3*j = 5*y - 0*y - 31. Let c(t) = 0*t**2 - t - 8 + 5 - 9 + t**j. Give c(0).
-12
Let q = -8 + 10. Let r(d) be the first derivative of 5*d**2/2 - 3*d + 2. Calculate r(q).
7
Suppose i + 32 = 4*o - 3*i, -2*o + 3*i + 17 = 0. Let v(f) = -2*f**2 - o*f**2 + 8*f**2 - f + 1. Determine v(2).
-5
Let v(s) = s**3 - 5*s**2 + 2. Let l = 5 + 0. Determine v(l).
2
Let o(x) = -x**2 + 6. Let v be o(0). Let z = 11 - v. Let g(s) be the first derivative of s**3/3 - 2*s**2 - 2*s + 1. What is g(z)?
3
Let f(i) be the first derivative of i**4/4 - 4*i**3/3 - 5*i**2/2 + 4*i - 1. Suppose 11 = -3*o + 8. Let h be 1/o - 6*-1. Determine f(h).
4
Let j(z) = z**3 - 3*z**2 + 4*z - 3. Let i be j(2). Suppose 5*r + i = 11. Let d = -1 + r. Let h(n) = -2*n + 1. Give h(d).
-1
Suppose 33 = 3*j + 5*i - 18, -j - 4*i + 24 = 0. Let n = j + -7. Let f(m) = -8*m**2 + 3*m - 40 + 2*m**2 + m**3 + 45. What is f(n)?
-5
Let i(s) be the third derivative of -s**6/60 - s**3/6 + s**2. Let f be ((-30)/120)/(1/4). Calculate i(f).
1
Let j(a) be the third derivative of 2*a**2 + 0*a + 0 - 5/12*a**4 + 1/6*a**3. Calculate j(1).
-9
Let o(h) be the second derivative of h**4/12 + h**3/2 - 5*h**2/2 + 4*h. What is o(-4)?
-1
Let s(q) = -q**3 - 8*q**2 - 8*q - 6. Let l be s(-7). Let r(t) be the first derivative of -1/2*t**2 - l + t. Determine r(-5).
6
Let t be 1 + -3 + (-6)/(-3). Suppose -5*l = -t*l + 10. Let u(c) = -c**3 - 2*c**2 - 2. Give u(l).
-2
Let v be (1 - 0)*(8 - 7). Let b(w) = 2*w**3 + w**2 - 1. Calculate b(v).
2
Let u = 16 - 11. Suppose 0 = 4*g - 3*o + u*o - 46, -5*o = 2*g - 11. Let w(i) = 0*i**2 - g + 4*i + i**2 + 14. What is w(-4)?
1
Let p(d) = d**3 + 3*d**2 - 2. Let n(f) be the first derivative of 1/2*f**2 - 9*f - 3. Let z be n(7). Determine p(z).
2
Let q(w) = 57*w**2 - 55*w**2 - w + 5*w. Determine q(-3).
6
Suppose 6*u + 0 = -24. Let s(w) be the first derivative of -w**3/3 - 3*w**2 + w - 1. Let k(d) be the first derivative of s(d). Calculate k(u).
2
Let u(f) be the second derivative of f**5/20 + 5*f**4/12 + f**3/3 - 2*f**2 + 16*f. What is u(-4)?
4
Let d(r) be the first derivative of 1 - r + r**3 - 3*r**2 + 1/4*r**4. Give d(-4).
7
Suppose -2 = 2*t - 3*t. Let x(g) = 0*g - 3 + 0*g - t*g. Give x(-2).
1
Let v = 186 - 264. Let x be v/(-42) - 2/(-14). Let f(h) = -h + 5 + 3 - 4. Determine f(x).
2
Let o(n) be the second derivative of n**3/6 + n. Calculate o(4).
4
Let h(s) = -s**3 - 11*s**2 - 10*s + 2. Let x be (255/(-34))/((-6)/(-8)). What is h(x)?
2
Let v be (-22)/33 + (-2)/(-3). Let z(s) = s**3 + s**2 + 9. What is z(v)?
9
Let y(l) = -l**3 - l + 1. Let w(n) = 3*n**3 - n**2 + n - 2. Let s(d) = w(d) + 2*y(d). Suppose -3*p = -2*p - 2. Determine s(p).
2
Let b(j) be the first derivative of j**4/4 - j**3/3 - j**2 - j - 8. Determine b(-2).
-9
Let c(h) = 2*h**2 + 5*h + 4. Let f = 4 - 0. Suppose -3*a = 3*n + 3, 2*a + 0*a - f = -5*n. Calculate c(a).
7
Let p(t) = -t**3 - t**2 - t + 4. Suppose 2*q = 3*q - 4. Suppose 8 + 4 = -4*n + q*c, -n - 5*c + 3 = 0. Let x be -1 - 0 - (n + 1). Determine p(x).
4
Let f(x) = -5*x**3 + x**2 + 10*x + 4. Let g(q) = -11*q**3 + 3*q**2 + 21*q + 8. Let h(d) = 13*f(d) - 6*g(d). Let u = 11 + -7. Determine h(u).
4
Let q(w) be the second derivative of -w**6/120 + w**5/60 - w**3/3 + 3*w**2 - 8*w. Let i(t) be the first derivative of q(t). What is i(2)?
-6
Suppose 1 = -m + 3. Let k(d) = -2*d + m*d + 1 + d + 2*d**2 - 5*d**2 + d**3. Give k(2).
-1
Let d be (-18)/(-9)*3/2. Let f(w) = 0*w - d + 3*w - 5*w. Give f(3).
-9
Let f(n) = 5*n**2 - 13*n + 4. Let i(r) = -14*r**2 + 38*r - 13. Let x(h) = 11*f(h) + 4*i(h). What is x(8)?
0
Let m(y) = y**3 - y**2 + y + 4. Let u(i) = -i - 7. Let w be u(-7). What is m(w)?
4
Let u(r) be the first derivative of r**5/5 + r**4/12 - r**3/6 - 2*r - 1. Let b(c) be the first derivative of u(c). Give b(1).
4
Let r = -8 + 5. Let d(p) = p + 5. Let j be d(0). Let z = r + j. Let q(l) = 3*l**2 - 4*l + 2. Determine q(z).
6
Let r(y) = -y**3 + 11*y**2 + 11*y + 15. Let s be r(12). Suppose 0 = 4*b + m + 10 - 5, 0 = -b + s*m - 11. Let p(u) = -3*u. Give p(b).
6
Let p be (2 - 2)*1/1. Let b be ((-22)/6)/(1/(-3)). Let c(r) = -8 - b*r + 4 + 11*r - r**2. Give c(p).
-4
Let z be (18/(-4))/(12/(-32)). Let s(q) = -q**2 - 18 + 4*q**2 - 5*q + z + q**3. Determine s(-4).
-2
Suppose 0 = -2*c + 2 + 6. Suppose m = -p + 3*m - 4, -5*p = -c*m - 10. Let f(n) = n**3 - 7*n**2 + 8*n + 2. Give f(p).
14
Let i(y) be the third derivative of y**7/2520 + y**6/80 - y**5/15 + 4*y**2. Let h(w) be the third derivative of i(w). What is h(-6)?
-3
Let d(k) be the third derivative of k**5/60 - k**4/24 + 7*k**3/6 - 2*k**2. Let c = 14 - 10. Suppose l = -c*l. Determine d(l).
7
Let l(a) = 2*a**2 - 6 + 7 + 2*a + a**2 + 0*a. Let j(b) = -b**2 - 8*b - 8. Let q be j(-7). Calculate l(q).
2
Let z(i) = 0*i - 2*i + 3*i - 1 - 2*i. Let p be z(-2). Let y(a) = 2*a**3 + 3*a + a**3 - 2*a**3 + 0 - 4*a**2 - p. Calculate y(3).
-1
Suppose -y + 5*f - 16 = 0, -3*y = 7*f - 6*f. Let t(a) = a**2. Give t(y).
1
Let a(c) = c**3 - 7*c**2 + c - 2. Let u = 47 + -40. Give a(u).
5
Let s(a) = 1 + 2 + 1 + a + 3. Give s(-7).
0
Let g(x) = -4*x - 3. Suppose -5*i + 35 = 3*f, -i = -4 + 3. Suppose c = 3*m + f, m + 18 = -0*c + 4*c. Give g(m).
5
Suppose 12 = 2*g + y - 2*y, -5*y - 35 = -5*g. Suppose t - 24 = -g*q, 5*q - 10 - 13 = -2*t. Let h(b) = -b**2 + 5 + 5*b**2 + 3*b - 5*b**2. What is h(q)?
-5
Let b(s) = s**3 + s**2 - 1. Let y be 4/8*(-2 + 0). Determine b(y).
-1
Let g(c) = -c + 6. Let k be g(5). Let d(z) be the second derivative of 7*z**4/12 - 7*z. Give d(k).
7
Let s = 11 + -9. Let g = -1 - s. Let w(v) = 3 - 3 - 2*v. Calculate w(g).
6
Let z(n) be the second derivative of -n**3/6 + 3*n**2 - 3*n. Let h be z(3). Let u(j) = -j**2 + 3*j + 1. Determine u(h).
1
Let c(a) = a**3 + 3*a**2 - 2*a + 5. Suppose d - 25 = 5*o, 3 + 10 = -2*o + d. Calculate c(o).
-3
Let h(s) = s**3 + s**2 + s - 10. Let c(k) = -k**3 - 16*k**2 + k + 16. Let f be c(-16). Calculate h(f).
-10
Let o(d) be the second derivative of d**3/6 + 7*d**2 - d. Let j be (0/(-41))/(2*(1 - 0)). What is o(j)?
14
Let i(o) = -33 - o + 102 - 33 - 35. Let d(m) be the third derivative of -m**6/120 + 7*m**5/60 - m**4/4 + m**3 - m**2. Let r be d(6). What is i(r)?
-5
Let n(a) = -8*a**3 + 0*a**3 + 1 + 0*a**3. Let m(g) = g**3 + 6*g**2 + 4*g - 6. Let i be m(-5). What is n(i)?
9
Let l(g) be the second derivative of -g**3/6 - g**2/2 + 5*g. Let s = 4 + -2. Give l(s).
-3
Let b(p) be the first derivative of -p**4/2 - 2*p**3/3 + p + 4. Let u be (-3)/(-9) + (-4)/(-6). What is b(u)?
-3
Suppose 7*t + 6 = -2*c + 2*t, -2*c = -3*t - 10. Let q = c - 5. Let a(k) = -3*k - 1. Let n(m) = 2*m + 1. Let o(v) = a(v) + 2*n(v). Give o(q).
-2
Let o(t) = 0*t**3 + 5*t**2 - 2*t**2 - 3*t - 7*t**3. Let h(p) = -3*p**3 + p**2 - p. Let u(y) = 5*h(y) - 2*o(y). Give u(-2).
2
Let n(f) = -13*f**3 + 2*f**2 - 5*f - 6. Let u(y) = -y**3 - y - 1. Let g(o) = n(o) - 5*u(o). Let t = 13 + -14. Calculate g(t).
9
Let u = -78 - -79. Let g(c) = 13*c - 1. Calculate g(u).
12
Let y(b) = -b**2 + 4*b + 6. Let h(j) = j - 2. Let g be h(7). Suppose 3*a + 3*n = -2*a + 40, g*n = 25. Give y(a).
1
Let b(t) = 10*t - 1. Let y(c) = 29*c - 2. Let j(v) = -8*b(v) + 3*y(v). What is j(3)?
23
Let r(d) = -6*d - 1. Let b(s) = s**3 + 7*s**2 + 5*s - 7. Let z be (14/(-3))/((-6)/9). Suppose 4*u = z*u + 18. Let h be b(u). What is r(h)?
5
Let w(l) be the second derivative of l**5/20 + l**4/4 + l**3/3 - 3*l**2/2 - l. Let y = -7 - -4. What is w(y)?
-9
Let n be 0 - -1 - 2 - -4. Let w(u) = 2*u + 0*u - n*u - 7*u**2 + 0*u**2. What is w(-1)?
-6
Let q(g) be the second derivative of g**5/20 - 2*g**4/3 + 7*g**3/6 - g**2/2 - 3*g. What is q(7)?
-1
Let p(m) = m**2 - m**3 + 15 - 4 + 0*m - 9 - m. What is p(0)?
2
Let n(s) = -s**3 + s**2 - s - 6. Suppose -2*f = -7*f + 4*a - 4, 2 = -f + 2*a. Calculate n(f).
-6
Suppose -15*r = -25*r - 20. Let f(j) be the first